o base 4.
-12
-10220 (base 3) to base 14
-77
What is -150 (base 8) in base 5?
-404
What is 2 (base 8) in base 12?
2
Convert -111000 (base 2) to base 6.
-132
-114 (base 7) to base 14
-44
What is -4 (base 16) in base 14?
-4
Convert -44 (base 6) to base 9.
-31
Convert 3 (base 9) to base 3.
10
Convert -15 (base 9) to base 6.
-22
-125 (base 12) to base 7
-335
What is -3a (base 14) in base 10?
-52
Convert -1320 (base 5) to base 8.
-322
6 (base 10) to base 2
110
What is -3 (base 15) in base 3?
-10
-2 (base 10) to base 5
-2
Convert -24 (base 5) to base 16.
-e
What is -61 (base 9) in base 4?
-313
a (base 15) to base 13
a
What is -c2 (base 14) in base 9?
-208
-14 (base 6) to base 10
-10
Convert -1012 (base 4) to base 16.
-46
Convert -4 (base 8) to base 15.
-4
Convert 120 (base 3) to base 7.
21
What is 171 (base 9) in base 12?
101
2 (base 13) to base 15
2
12 (base 8) to base 5
20
What is 35 (base 9) in base 7?
44
What is -1001011 (base 2) in base 7?
-135
Convert 2 (base 10) to base 15.
2
Convert b (base 16) to base 4.
23
Convert -100101010 (base 2) to base 7.
-604
Convert 162 (base 12) to base 9.
262
Convert -555 (base 7) to base 11.
-23a
What is -1 (base 9) in base 13?
-1
What is -430 (base 5) in base 15?
-7a
Convert 3 (base 5) to base 15.
3
What is -4 (base 16) in base 11?
-4
-5 (base 10) to base 12
-5
What is 131 (base 4) in base 15?
1e
What is -3 (base 4) in base 11?
-3
What is 3 (base 9) in base 6?
3
What is -8 (base 12) in base 15?
-8
What is 64 (base 7) in base 10?
46
3 (base 15) to base 11
3
-3 (base 10) to base 4
-3
What is 5 (base 16) in base 11?
5
Convert -a (base 11) to base 15.
-a
22 (base 6) to base 9
15
104 (base 5) to base 12
25
Convert -19 (base 11) to base 13.
-17
11 (base 4) to base 2
101
Convert 2 (base 8) to base 9.
2
Convert -153 (base 6) to base 13.
-54
-16 (base 12) to base 10
-18
What is -3 (base 10) in base 4?
-3
What is -66 (base 15) in base 14?
-6c
What is 2 (base 7) in base 3?
2
What is 0 (base 7) in base 5?
0
What is 49 (base 13) in base 14?
45
-221 (base 3) to base 15
-1a
330 (base 9) to base 11
226
What is 1 (base 11) in base 6?
1
What is -5 (base 14) in base 5?
-10
What is -7 (base 15) in base 7?
-10
121 (base 5) to base 3
1100
What is 1101 (base 5) in base 12?
107
What is 22 (base 9) in base 7?
26
What is 11 (base 12) in base 10?
13
Convert -1211 (base 6) to base 2.
-100100111
-21 (base 11) to base 4
-113
7 (base 13) to base 4
13
Convert 62 (base 9) to base 15.
3b
What is -100001 (base 2) in base 8?
-41
What is 2302 (base 4) in base 9?
217
Convert 38 (base 12) to base 15.
2e
What is 2 (base 8) in base 10?
2
What is -1051 (base 7) in base 5?
-3004
What is 40 (base 6) in base 9?
26
What is 46 (base 9) in base 14?
30
210 (base 4) to base 15
26
Convert a (base 14) to base 6.
14
2 (base 16) to base 14
2
What is -110 (base 2) in base 3?
-20
What is 11001101 (base 2) in base 13?
12a
What is -2 (base 16) in base 14?
-2
What is 10 (base 6) in base 8?
6
Convert 1001 (base 2) to base 9.
10
-19 (base 12) to base 9
-23
-27 (base 11) to base 3
-1002
Convert -7 (base 13) to base 2.
-111
Convert 5 (base 13) to base 16.
5
0 (base 14) to base 13
0
Convert -1 (base 16) to base 10.
-1
Convert 3 (base 11) to base 4.
3
5 (base 16) to base 13
5
What is b (base 14) in base 5?
21
Convert 3c (base 14) to base 10.
54
What is -20 (base 7) in base 16?
-e
Convert 320 (base 5) to base 4.
1111
Convert 11 (base 2) to base 15.
3
Convert 272 (base 8) to base 15.
c6
-3 (base 13) to base 7
-3
Convert -3 (base 12) to base 10.
-3
Convert -331 (base 4) to base 11.
-56
What is 15 (base 11) in base 14?
12
-25 (base 14) to base 3
-1020
What is 21 (base 6) in base 15?
d
What is 3 (base 9) in base 16?
3
Convert -3 (base 5) to base 7.
-3
What is b2 (base 12) in base 9?
158
Convert 230 (base 5) to base 3.
2102
-232 (base 4) to base 8
-56
What is -8e (base 16) in base 8?
-216
-100 (base 2) to base 15
-4
Convert -178 (base 10) to base 12.
-12a
What is -1202 (base 3) in base 6?
-115
Convert -124 (base 6) to base 4.
-310
1 (base 8) to base 10
1
Convert -3 (base 6) to base 15.
-3
Convert 21 (base 9) to base 3.
201
Convert -1a (base 13) to base 8.
-27
What is 0 (base 10) in base 14?
0
1 (base 16) to base 4
1
What is -28 (base 9) in base 14?
-1c
What is -10 (base 6) in base 3?
-20
Convert -222 (base 3) to base 7.
-35
What is 2 (base 3) in base 4?
2
-5 (base 9) to base 4
-11
19 (base 16) to base 3
221
Convert 4 (base 7) to base 4.
10
Convert b8 (base 14) to base 9.
200
What is 3 (base 14) in base 15?
3
34 (base 9) to base 8
37
What is -1 (base 16) in base 2?
-1
What is 0 (base 12) in base 11?
0
Convert -8 (base 12) to base 3.
-22
Convert 1 (base 12) to base 9.
1
-14 (base 15) to base 12
-17
-326 (base 11) to base 6
-1451
What is 16 (base 9) in base 13?
12
75 (base 9) to base 8
104
-e (base 16) to base 13
-11
-2130 (base 4) to base 11
-132
-115 (base 6) to base 14
-35
Convert -134 (base 5) to base 7.
-62
Convert 18 (base 9) to base 12.
15
2 (base 4) to base 12
2
-26 (base 11) to base 15
-1d
5 (base 12) to base 8
5
Convert 3c (base 15) to base 11.
52
What is 91 (base 14) in base 7?
241
What is 2 (base 7) in base 13?
2
Convert -414 (base 6) to base 14.
-b0
What is 104 (base 9) in base 11?
78
What is 12 (base 12) in base 6?
22
-2032 (base 4) to base 16
-8e
24 (base 6) to base 4
100
What is -69 (base 14) in base 12?
-79
Convert -18 (base 11) to base 10.
-19
93 (base 12) to base 11
a1
224 (base 7) to base 11
a6
What is 5 (base 7) in base 5?
10
0 (base 5) to base 7
0
What is -58 (base 14) in base 8?
-116
202 (base 5) to base 11
48
-11 (base 5) to base 11
-6
Convert 1 (base 7) to base 10.
1
-17 (base 8) to base 10
-15
-1101111 (base 2) to base 11
-a1
Convert 2 (base 9) to base 10.
2
Convert -4 (base 13) to base 4.
-10
Convert -3 (base 14) to base 8.
-3
What is -1 (base 13) in base 12?
-1
Convert -5 (base 9) to base 4.
-11
What is 2 (base 9) in base 2?
10
-2313 (base 4) to base 9
-223
-280 (base 9) to base 3
-22200
What is 20 (base 3) in base 13?
6
-25 (base 11) to base 3
-1000
What is -131 (base 5) in base 2?
-101001
111 (base 2) to base 3
21
What is 43 (base 6) in base 8?
33
What is 1120 (base 6) in base 13?
174
34 (base 13) to base 2
101011
What is -10 (base 2) in base 10?
-2
What is -104 (base 7) in base 16?
-35
10001 (base 2) to base 16
11
What is 0 (base 9) in base 5?
0
1221 (base 3) to base 9
57
What is -8 (base 16) in base 13?
-8
Convert 4 (base 12) to base 2.
100
Convert -222 (base 11) to base 16.
-10a
What is 0 (base 2) in base 4?
0
-4 (base 13) to base 2
-100
-220 (base 4) to base 16
-28
What is 145 (base 6) in base 5?
230
What is 4 (base 7) in base 12?
4
-15 (base 10) to base 4
-33
What is -1 (base 15) in base 9?
-1
Convert -8 (base 13) to base 10.
-8
What is -102220 (base 3) in base 9?
-386
What is -1 (base 10) in base 12?
-1
What is -5 (base 8) in base 3?
-12
Convert 21 (base 8) to base 6.
25
-1113 (base 6) to base 9
-320
What is 1123 (base 4) in base 11?
83
What is -201 (base 5) in base 12?
-43
What is -165 (base 15) in base 7?
-635
What is 233 (base 5) in base 2?
1000100
Convert -12 (base 6) to base 12.
-8
-12 (base 5) to base 13
-7
Convert 101 (base 2) to base 10.
5
What is 1a (base 11) in base 4?
111
Convert -291 (base 10) to base 9.
-353
5 (base 11) to base 15
5
What is -9f (base 16) in base 5?
-1114
Convert 10 (base 4) to base 8.
4
What is -3 (base 15) in base 3?
-10
What is 100101011 (base 2) in base 6?
1215
Convert 10 (base 2) to base 16.
2
What is -1011001 (base 2) in base 15?
-5e
-12d (base 15) to base 4
-10030
227 (base 11) to base 13
17b
-21120 (base 3) to base 5
-1304
What is -11 (base 9) in base 12?
-a
Convert 21 (base 3) to base 8.
7
What is -24 (base 5) in base 14?
-10
Convert 171 (base 11) to base 5.
1244
Convert -65 (base 12) to base 16.
-4d
Convert 3d (base 16) to base 12.
51
-1 (base 14) to base 6
-1
What is b (base 12) in base 11?
10
Convert 153 (base 6) to base 7.
126
-1022 (base 3) to base 16
-23
Convert -1 (base 13) to base 4.
-1
4 (base 13) to base 4
10
Convert 220 (base 5) to base 9.
66
0 (base 3) to base 2
0
What is -5 (base 6) in base 7?
-5
What is 112 (base 5) in base 13?
26
What is 21 (base 3) in base 2?
111
-21 (base 3) to base 4
-13
72 (base 12) to base 14
62
What is -56 (base 8) in base 15?
-31
-d (base 14) to base 7
-16
Convert -2a